-- phpMyAdmin SQL Dump
-- version 3.4.5
-- http://www.phpmyadmin.net
--
-- Servidor: localhost
-- Tiempo de generación: 06-09-2026 a las 17:41:28
-- Versión del servidor: 5.5.16
-- Versión de PHP: 5.3.8

SET SQL_MODE="NO_AUTO_VALUE_ON_ZERO";
SET time_zone = "+00:00";


/*!40101 SET @OLD_CHARACTER_SET_CLIENT=@@CHARACTER_SET_CLIENT */;
/*!40101 SET @OLD_CHARACTER_SET_RESULTS=@@CHARACTER_SET_RESULTS */;
/*!40101 SET @OLD_COLLATION_CONNECTION=@@COLLATION_CONNECTION */;
/*!40101 SET NAMES utf8 */;

--
-- Base de datos: `guia_medica`
--

-- --------------------------------------------------------

--
-- Estructura de tabla para la tabla `banners`
--

CREATE TABLE IF NOT EXISTS `banners` (
  `id` int(11) NOT NULL AUTO_INCREMENT,
  `nombre` varchar(150) NOT NULL,
  `imagen` varchar(255) NOT NULL,
  `estado` varchar(11) DEFAULT '0',
  `municipio` varchar(250) DEFAULT '0',
  `tipo` varchar(100) NOT NULL,
  `medidas` varchar(50) NOT NULL,
  `url` longblob,
  PRIMARY KEY (`id`)
) ENGINE=InnoDB DEFAULT CHARSET=latin1 AUTO_INCREMENT=1 ;

-- --------------------------------------------------------

--
-- Estructura de tabla para la tabla `centros_salud`
--

CREATE TABLE IF NOT EXISTS `centros_salud` (
  `id` int(11) NOT NULL AUTO_INCREMENT,
  `nombre` varchar(150) NOT NULL,
  `estado` varchar(250) DEFAULT NULL,
  `municipio` varchar(250) DEFAULT NULL,
  `direccion` text NOT NULL,
  `telefono` varchar(50) DEFAULT NULL,
  `ciudad` varchar(250) DEFAULT NULL,
  PRIMARY KEY (`id`)
) ENGINE=InnoDB  DEFAULT CHARSET=latin1 AUTO_INCREMENT=4 ;

--
-- Volcado de datos para la tabla `centros_salud`
--

INSERT INTO `centros_salud` (`id`, `nombre`, `estado`, `municipio`, `direccion`, `telefono`, `ciudad`) VALUES
(3, 'Clínica Chilemex', 'Bolivar', 'Caroni', 'Torre 2, piso 1, consultorio 01-12. Puerto Ordaz, Estado Bolívar.', '', 'Puerto Ordaz');

-- --------------------------------------------------------

--
-- Estructura de tabla para la tabla `especialidades`
--

CREATE TABLE IF NOT EXISTS `especialidades` (
  `id` int(11) NOT NULL AUTO_INCREMENT,
  `nombre` varchar(100) NOT NULL,
  PRIMARY KEY (`id`)
) ENGINE=InnoDB  DEFAULT CHARSET=latin1 AUTO_INCREMENT=24 ;

--
-- Volcado de datos para la tabla `especialidades`
--

INSERT INTO `especialidades` (`id`, `nombre`) VALUES
(1, 'Cardiologo'),
(5, 'Traumatologo'),
(6, 'Pedriatra'),
(7, 'Odontologo'),
(8, 'Fisioterapeuta'),
(9, 'GinecÃ³logo'),
(10, 'GinecÃ³logo - Obstetra'),
(13, 'MÃ©dico EstÃ©tico'),
(16, 'Urologo'),
(17, 'Gastroenterologo Pediatra'),
(18, 'Cirujano Oncologo'),
(19, 'Mastologo'),
(20, 'Cirugia Plastica'),
(21, 'Neurologo Pediatra'),
(22, 'Epileptologo'),
(23, 'Oftalmologo');

-- --------------------------------------------------------

--
-- Estructura de tabla para la tabla `estados`
--

CREATE TABLE IF NOT EXISTS `estados` (
  `id` int(11) NOT NULL AUTO_INCREMENT,
  `estado` varchar(250) DEFAULT NULL,
  `municipio` varchar(250) DEFAULT NULL,
  PRIMARY KEY (`id`)
) ENGINE=InnoDB  DEFAULT CHARSET=latin1 AUTO_INCREMENT=8 ;

--
-- Volcado de datos para la tabla `estados`
--

INSERT INTO `estados` (`id`, `estado`, `municipio`) VALUES
(1, 'Delta Amacuro', 'Tucupita'),
(2, 'Monagas', 'Maturin'),
(3, 'Delta Amacuro', 'Casacoima'),
(4, 'Delta Amacuro', 'Pedernales'),
(5, 'Delta Amacuro', 'Antonio Diaz'),
(7, 'Bolivar', 'Caroni');

-- --------------------------------------------------------

--
-- Estructura de tabla para la tabla `historial_guias`
--

CREATE TABLE IF NOT EXISTS `historial_guias` (
  `id` int(11) NOT NULL AUTO_INCREMENT,
  `guia_id` int(11) NOT NULL,
  `estatus` varchar(100) COLLATE utf8_spanish_ci NOT NULL,
  `ubicacion` varchar(150) COLLATE utf8_spanish_ci NOT NULL,
  `fecha_cambio` datetime NOT NULL,
  PRIMARY KEY (`id`)
) ENGINE=InnoDB DEFAULT CHARSET=utf8 COLLATE=utf8_spanish_ci AUTO_INCREMENT=1 ;

-- --------------------------------------------------------

--
-- Estructura de tabla para la tabla `medicos`
--

CREATE TABLE IF NOT EXISTS `medicos` (
  `id` int(11) NOT NULL AUTO_INCREMENT,
  `nombre` varchar(100) NOT NULL,
  `apellido` varchar(100) NOT NULL,
  `estado_id` int(11) NOT NULL,
  `municipio_id` int(11) NOT NULL,
  `direccion` text NOT NULL,
  `telefono` varchar(20) DEFAULT NULL,
  `whatsapp` varchar(20) DEFAULT NULL,
  `email` varchar(100) DEFAULT NULL,
  `biografia` text,
  `foto` varchar(255) DEFAULT 'default.jpg',
  `centro_id` varchar(250) DEFAULT NULL,
  PRIMARY KEY (`id`),
  KEY `estado_id` (`estado_id`),
  KEY `municipio_id` (`municipio_id`)
) ENGINE=InnoDB  DEFAULT CHARSET=latin1 AUTO_INCREMENT=14 ;

--
-- Volcado de datos para la tabla `medicos`
--

INSERT INTO `medicos` (`id`, `nombre`, `apellido`, `estado_id`, `municipio_id`, `direccion`, `telefono`, `whatsapp`, `email`, `biografia`, `foto`, `centro_id`) VALUES
(8, 'Boris ', 'Beltrán', 7, 7, 'Torre 2, piso 1, consultorio 01-12. Puerto Ordaz, Estado Bolívar.', '0286 - 923.10.77', '04148543855', '', '<p>Urolog&iacute;a general y oncol&oacute;gica - Litiasis - Endourolog&iacute;a - Litotripsia - Extracorp&oacute;rea - Pr&oacute;stata - Disfunci&oacute;n er&eacute;ctil</p>\r\n', '1788227528_7418.webp', '3'),
(9, 'Maryraida ', 'Canónicco', 7, 7, 'Torre 2, piso 1, consultorio 01-12. Puerto Ordaz, Estado Bolívar.', '', '04148835829', '', '<p>S&iacute;ndrome de Intestino Permeable Reacciones adversas a alimentos: intolerancias y alergias alimentarias.&nbsp;&nbsp;Estre&ntilde;imiento Cr&oacute;nico Diarrea Aguda y Cr&oacute;nica Malabsorci&oacute;n Intestinal Peso Estacionario Sangrado Digestivo Alto y Sangrado Rectal Enfermedad Cel&iacute;aca o Sensibilidad al Gluten Disbiosis Intestinal Candida Instestinal V&oacute;mitos recurrentes Reflujo Gastroesof&aacute;gico Colitis Enfermedades del H&iacute;gado, Ves&iacute;cula y P&aacute;ncreas Dolor Abdominal Agudo o Cr&oacute;nico Problemas Nutricionales: Desnutrici&oacute;n &nbsp;&nbsp;Fallo de Crecimiento &nbsp;&nbsp;Obesidad Ultrasonido Abdominal Videoendoscopia Digestiva&nbsp;&nbsp;Diagn&oacute;stica y Terap&eacute;utica Coaching de salud para alcanzar tu peso ideal, motivaci&oacute;n y h&aacute;bitos saludables.</p>\r\n', '1788256164_9850.webp', '3'),
(10, 'Donnerys', 'Rivas', 7, 7, 'Torre 2, piso 1, consultorio 01-12. Puerto Ordaz, Estado BolÃ­var.', '04144598367', '04121943324', '', '<p>&nbsp;</p>\r\n\r\n<p>Prevenci&oacute;n, Diagn&oacute;stico y Tratamiento Quir&uacute;rgico de Tumores Benignos y Malignos - Pesquisa y Despistaje de C&aacute;ncer - Evaluaci&oacute;n Integral del Paciente con C&aacute;ncer - Tumores de Cabeza y Cuello - Patolog&iacute;as Mamarias - Ginecolog&iacute;a Oncol&oacute;gica - V&iacute;as Digestivas y Tumores de Partes Blandas</p>\r\n', '1788256498_1853.webp', '3'),
(11, 'Ysaura ', 'Andara', 7, 7, 'Torre 2, piso 1, consultorio 01-12. Puerto Ordaz, Estado BolÃ­var.', '04169310059', '04249072937', '', '<p>&nbsp;</p>\r\n\r\n<p>Mamoplastia de aumento - Mastopexia con o sin implantes - Abdominoplastia - Vibrolipoescultura general - Liposucci&oacute;n y lipotransferencia gl&uacute;tea - Cirug&iacute;a Pl&aacute;stica en pacientes post-bari&aacute;tricos - Lifting facial - Blefaroplastia (cirug&iacute;a de p&aacute;rpados) - Otoplastia (cirug&iacute;a de orejas) - Rinoplastia.</p>\r\n', '1788257038_6174.webp', '3'),
(12, 'Marlene Maiz ', 'Odreman', 7, 7, 'Torre 3, Piso 4, Consultorio 9. Puerto Ordaz, Estado Bolívar.', '', '04241403235', '', '<p>&nbsp;</p>\r\n\r\n<p>Trastornos del neurodesarrollo (TEA, TDAH) &bull; Dificultades del aprendizaje &bull; Trastornos neuromusculares &bull; Trastornos neurodegenerativos &bull; Epilepsia en adultos y ni&ntilde;os &bull; Pacientes con epilepsia refractaria a f&aacute;rmacos anticrisis &bull; Pacientes candidatos a cirug&iacute;a de epilepsia &bull; Electroencefalograf&iacute;a &bull; Videoencefalograf&iacute;a &bull; Cefalea &bull; Migra&ntilde;a &bull; Enfermedades vasculares cerebrales en ni&ntilde;os.</p>\r\n', '1788257347_7118.webp', '3'),
(13, 'Ingrid ', 'Di Virgilio', 7, 7, 'orre 1, Piso 4, Consultorio 4-14. Puerto Ordaz, Estado Bolívar.', '', '', '', '<p>&nbsp;</p>\r\n\r\n<p>Consultas Oftalmol&oacute;gicas Especializadas - Ptosis Palpebrales - Cavidades Anoft&aacute;lmicas - Ojo Seco - Enfermedades de Pesta&ntilde;as - Tumores Palpebrales y Orbitarios - Enfermedades y Trastornos de V&iacute;as Lagrimales - Mal Posiciones de P&aacute;rpados, &Oacute;ptica y Cirug&iacute;as - Toxina Botul&iacute;nica - Bioestimuladores del Col&aacute;geno - Plasma y &Aacute;cido Hialur&oacute;nico</p>\r\n', '1788257774_2249.webp', '3');

-- --------------------------------------------------------

--
-- Estructura de tabla para la tabla `medico_centro`
--

CREATE TABLE IF NOT EXISTS `medico_centro` (
  `medico_id` int(11) NOT NULL,
  `centro_id` int(11) NOT NULL,
  `consultorio` varchar(50) DEFAULT NULL,
  `dias_horarios` varchar(255) DEFAULT NULL,
  PRIMARY KEY (`medico_id`,`centro_id`),
  KEY `centro_id` (`centro_id`)
) ENGINE=InnoDB DEFAULT CHARSET=latin1;

-- --------------------------------------------------------

--
-- Estructura de tabla para la tabla `medico_especialidad`
--

CREATE TABLE IF NOT EXISTS `medico_especialidad` (
  `medico_id` int(11) NOT NULL,
  `especialidad_id` int(11) NOT NULL,
  PRIMARY KEY (`medico_id`,`especialidad_id`)
) ENGINE=InnoDB DEFAULT CHARSET=latin1;

--
-- Volcado de datos para la tabla `medico_especialidad`
--

INSERT INTO `medico_especialidad` (`medico_id`, `especialidad_id`) VALUES
(8, 16),
(9, 17),
(10, 18),
(10, 19),
(11, 20),
(12, 21),
(12, 22),
(13, 23);

-- --------------------------------------------------------

--
-- Estructura de tabla para la tabla `municipios`
--

CREATE TABLE IF NOT EXISTS `municipios` (
  `id` int(11) NOT NULL AUTO_INCREMENT,
  `estado_id` int(11) NOT NULL,
  `nombre` varchar(100) NOT NULL,
  `municipio_id` varchar(250) DEFAULT NULL,
  PRIMARY KEY (`id`),
  KEY `estado_id` (`estado_id`)
) ENGINE=InnoDB DEFAULT CHARSET=latin1 AUTO_INCREMENT=1 ;

-- --------------------------------------------------------

--
-- Estructura de tabla para la tabla `tipos_centros`
--

CREATE TABLE IF NOT EXISTS `tipos_centros` (
  `id` int(11) NOT NULL AUTO_INCREMENT,
  `nombre` varchar(100) NOT NULL,
  PRIMARY KEY (`id`)
) ENGINE=InnoDB  DEFAULT CHARSET=latin1 AUTO_INCREMENT=6 ;

--
-- Volcado de datos para la tabla `tipos_centros`
--

INSERT INTO `tipos_centros` (`id`, `nombre`) VALUES
(1, 'Clínica'),
(2, 'Hospital'),
(3, 'Centro Médico'),
(4, 'Farmacia'),
(5, 'Laboratorio');

/*!40101 SET CHARACTER_SET_CLIENT=@OLD_CHARACTER_SET_CLIENT */;
/*!40101 SET CHARACTER_SET_RESULTS=@OLD_CHARACTER_SET_RESULTS */;
/*!40101 SET COLLATION_CONNECTION=@OLD_COLLATION_CONNECTION */;
